 - 1)
-2
Calculate 1 - 3 - (4 - 7).
1
Calculate -18 - -25 - (0 + 3).
4
What is -4 + (-5 - (-4 + 6 + -4))?
-7
Calculate 3 + 1 - (-4 + (8 - 5)).
5
What is the value of (-8 - -1) + 2 + 1?
-4
What is -8 - -12 - -3 - 10?
-3
What is -32 + 24 + (0 - 1) + 5?
-4
0 + -1 - (-46 - -45)
0
Calculate (2 - -1) + 0 + -1.
2
What is (8 + -17 - -3) + 10?
4
What is the value of 4 + (6 - -8) + -21?
-3
What is the value of (-9 - 3) + -1 - -7?
-6
-14 + 12 + -7 + 7
-2
What is (1 - 10) + 5 - (4 + -2)?
-6
Evaluate 2 - (-5 + 8 + 7 + -1).
-7
What is (8 - -1) + (-12 - -4)?
1
-50 - -58 - (-2 - -13)
-3
Calculate -6 - ((3 - (-6 - -16)) + 1).
0
Evaluate -7 + 6 + 3 + -3.
-1
What is the value of 1 + (3 - (6 + 1 + -2))?
-1
What is the value of -1 + (-4 - -11 - 3)?
3
-8 + -2 + 6 - -2 - -3
1
Evaluate 2 - (15 + 0 + -7 + -6).
0
What is (-6 - -7) + (1 - 1)?
1
0 + 0 - (-4 - (-6 - -7))
5
What is the value of 0 + (2 - -1) + -3 + 1?
1
What is the value of -9 - -11 - -9 - 10?
1
What is 2 - (5 - (-2 - 6 - -6))?
-5
What is -15 + -4 + 8 + 14?
3
38 - 26 - (-4 + 13)
3
-25 - -17 - (-1 + (0 - 2))
-5
Calculate (-2 - 3 - 2 - 1) + 1.
-7
What is 4 + -1 - (-6 + (18 - 6))?
-3
Calculate -3 - (-11 + 7 - 3).
4
What is (-10 - -8) + 3 + -7?
-6
What is the value of (-9 - -1 - (-56 + 36)) + -6?
6
-1 + -7 - (135 + -136)
-7
What is -7 - -1 - (-5 + 1)?
-2
What is -1 + -5 + 24 + -18?
0
((2 - 9) + 4 - -4) + 0
1
(2 + 6 - 8) + -3
-3
0 + 1 + (-5 - -2 - -2)
0
What is the value of 8 - (0 - -3 - -1)?
4
-7 + 1 - (-3 + (3 - -2))
-8
Evaluate 2 - 4 - (12 - (7 + 0)).
-7
Evaluate 1 - (-3 + 4 + -4 - -1).
3
Evaluate 4 + -2 - -6 - 13.
-5
What is the value of (-4 - (-4 - -5)) + (-2 - -1)?
-6
-7 + -7 + -2 + 5 + 14
3
Calculate 4 + -3 + 1 + -3 + 3.
2
What is -5 - (-6 + -6 + 7 + -1)?
1
-2 + -5 + (14 - 9)
-2
Evaluate 1 + 10 + (-13 - 0).
-2
What is the value of (0 - -3) + (4 - (11 + -7))?
3
What is 0 + (-2 - (1 - 4)) + 1?
2
What is the value of -3 - (-1 + 5 + -2)?
-5
What is the value of 1 + 0 + (5 - 3) + -4?
-1
What is (0 - -1) + (13 + -6 - 7)?
1
(-2 - (-11 + 4)) + 1 + -3
3
Calculate 3 + (-4 - (-3 - -2)) - -2.
2
What is the value of (-14 + 11 - 3) + (-1 - -4)?
-3
What is the value of 1 - 1 - (0 + (-12 - -7))?
5
Evaluate 19 - (-8 - -15) - 8.
4
Calculate 4 + -8 + 13 + -7 + 1.
3
Evaluate 5 + 6 - (3 + 4).
4
Evaluate 1 - 3 - (-4 - -1).
1
What is the value of 0 + -2 + -1 + 161 + -154?
4
What is 3 - (-1 - 1 - -3)?
2
Evaluate -7 + -1 - (0 - 0 - 4).
-4
What is -3 + (-1 - (1 + -5)) - -2?
2
Evaluate (0 - -2) + 4 + -2 + 0.
4
What is (4 - -1) + -4 + 4?
5
What is the value of 4 + -9 + 1 - -11?
7
Evaluate -4 + 6 + (-9 + 0 - -8).
1
What is the value of (-13 - -3) + 10 + 1?
1
Evaluate 6 + -2 + -1 + (-1 - 5).
-3
Calculate 7 - (0 + -6 - -5 - -8).
0
What is (22 - 26) + 6 + -5?
-3
Calculate -9 - (2 + (0 - 4)) - -2.
-5
What is (-4 - 0) + -11 + 20 - 5?
0
Evaluate 7 + (5 - 14) + (1 - 0).
-1
What is (-3 - 6) + 5 + 8 + -9?
-5
What is (11 - 4) + 3 + -14?
-4
What is the value of 5 - (3 - (4 - 5))?
1
Calculate 3 + (5 - 7) - (-3 + -1).
5
Evaluate (4 + 3 - 2) + -2.
3
8 + -2 - (-12 - -11)
7
What is (0 - -2) + (-34 + 20 - -10)?
-2
1 - 5 - (7 + (4 - 13))
-2
What is (3 + 3 - -4) + -8?
2
Evaluate 128 + -125 + (0 - -1) + 1.
5
12 + (-2 - (-1 + 5))
6
What is -7 - (1 - 6) - -6 - -1?
5
What is -4 + 8 + (-5 - -3)?
2
Evaluate (-5 + 4 - 3) + 5.
1
Calculate (2 - -1 - (0 + 1)) + -3.
-1
What is 3 + (0 - -1) + (-14 - -13)?
3
What is -1 + -5 + 11 + -2?
3
What is the value of -1 - (-6 + (2 - -2))?
1
What is -11 - (10 + (-30 - -8))?
1
(14 + -7 - 16) + 6
-3
Evaluate -1 + 2 - (-2 + 7).
-4
What is the value of -3 - (-6 - (0 - 0)) - 4?
-1
What is 0 + -3 + (3 - -4) - 3?
1
Evaluate -1 + (-1 - -9 - 4).
3
Calculate 1 + (-3 - -2 - 3) - -1.
-2
What is the value of 73 + -70 + (1 - 3) + 0?
1
Calculate -5 + (2 - (-5 + 4)).
-2
What is the value of (-4 - -9) + -6 - (2 + -1)?
-2
What is (2 - (1 - -1) - -2) + -5?
-3
What is the value of 5 + 4 + (0 - 4)?
5
Evaluate (-5 - -11) + -11 + 3.
-2
What is the value of 2 - (2 + 1) - 4?
-5
(0 - -3) + (-6 - 0) + 4
1
Evaluate (2 - 4) + (4 - 5).
-3
9 + (-13 - (8 + -9))
-3
What is the value of -4 - (1 - (10 + 0 + -1))?
4
Calculate 1 - (-3 - -11) - -6.
-1
Evaluate (-5 - 1) + -12 + 17 + -4.
-5
Calculate 2 + 2 + (30 - 38).
-4
Calculate (3 - (5 + -1) - 0) + 4.
3
7 + (-5 + 0 - (3 + -5))
4
Calculate 4 + (-3 - (-2 - (-5 - -3))).
1
Calculate -6 + (-1 - (-5 + 3)).
-5
What is -4 + 2 + -1 - (120 - 115)?
-8
Calculate -22 + 29 - (11 - 1).
-3
-3 - (-3 + 4 + -8 - -5)
-1
Evaluate 7 - (-1 + 9) - 0.
-1
-4 + 1 + 2 - 5 - -2
-4
(4 - 2) + (0 + -5 - -7)
4
What is 4 + (-1 - (1 - -4))?
-2
Evaluate 3 + 0 + (-5 - (11 - 11)).
-2
What is -5 + -1 - (-5 - -2)?
-3
Evaluate -15 + (-4 - -12) + -3.
-10
What is the value of 70 - 60 - (4 - -1)?
5
What is -6 + (-2 - -8) + -3?
-3
-1 + 3 + 4 + -8 + 1
-1
What is the value of -9 + (5 - 6) + 0?
-10
Evaluate 6 + 6 + -3 - 11.
-2
What is the value of -3 - -6 - (5 + 4 + -5)?
-1
(1 + 0 - 1) + (-37 - -41)
4
Calculate (-6 - 0 - (0 + -2)) + 2.
-2
What is -28 + 21 + 3 + 1?
-3
What is the value of (-8 - 7 - -5) + 5?
-5
9 + (-11 + 4 - -3)
5
What is (-4 - (0 + -5)) + (1 - 1)?
1
Evaluate 7 + -4 + (-7 - -9).
5
0 - (12 + -1 - 5) - -7
1
7 + -6 + -3 - 0
-2
-3 + 4 + (15 - 12)
4
What is the value of -2 - ((-1 - 0) + (-2 - -4))?
-3
What is -2 + (0 - ((0 - -4) + -8))?
2
What is -1 - (2 + -7) - (92 + -91)?
3
-8 + (3 - (6 + -4))
-7
What is the value of 2 + -11 - -11 - 1?
1
-2 + 0 + 2 + (4 - 7)
-3
What is -7 - (5 + -11 + (6 - 1))?
-6
What is the value of (6 - 2) + (0 - 0) + 0?
4
Calculate 1 + 9 + (0 - 3).
7
(-3 - (0 - (8 + -4))) + -2
-1
Calculate 5 + -12 + 3 - (-4 - 0).
0
Evaluate -8 + 9 - (-3 - -4).
0
Calculate -6 + 17 + 12 + -12.
11
What is the value of -1 + -12 + 19 - 3?
3
What is the value of 1 + -1 + 2 - 5?
-3
Calculate 16 + -18 + 1 + (0 - 0).
-1
What is -6 + 0 + 0 + 5 + -7?
-8
Evaluate 0 - -2 - 0 - (8 - 2).
-4
What is (-1 - -3) + (6 - (14 + -3))?
-3
Evaluate (-2 - 0) + 2 - (4 - 9).
5
(-15 - 1) + 4 + 4
-8
Evaluate (-3 - 0) + (9 - 1).
5
What is the value of -1 - -3 - 10 - (-2 + -1)?
-5
What is the value of 0 - ((-2 - 0) + -2)?
4
What is -3 + (-1 - -4) + 2?
2
What is the value of (-4 - -1 - -6 - -4) + 1?
8
What is the value of (-3 - 2) + 5 + 3?
3
Evaluate -2 + -3 + (-1 - (-14 + 6)).
2
Calculate 1 + (-20 - -16 - (-1 + -9)).
7
Calculate -5 - (5 + -10 - 2).
2
Calculate (0 - 16) + 7 + 4.
-5
-25 + 7 + 23 + 1 + -1
5
-5 + 9 - 2 - 6
-4
Calculate (-10 - (-1 + -8)) + 6.
5
Evaluate (-12 - (-2 + -5)) + 4 - -8.
7
Evaluate -15 - -1 - (-48 + 28).
6
What is the value of 2 - ((3 - -2) + -4)?
1
What is the value of -2 + (-1 + 0 - (2 - 5))?
0
What is 0 + (-5 - -5 - (-1 - 1))?
2
What is the value of (2 - -1) + 3 + -6 + 7?
7
Evaluate -12 + 26 + 5 + -10.
9
Calculate 0 + 8 + -7 + 3.
4
Calculate -5 - (-1 + -4) - -5.
5
What is -2 + (0 + 4 - 1) + 3?
4
(3 - -3) + -3 + 3 + -3
3
Calculate 0 + (-21 - -18) + (1 - 4).
-6
What is the value of 2 - (2 - (2 + -1)) - -5?
6
(10 - 7 - 7) + (-3 - -5)
-2
Calculate (4 - (12 + -4)) + 0.
-4
What is the value of -2 + (-1 - 5) + 2?
-6
Evaluate (8 - 4) + -8 + 2.
-2
Calculate 5 + -5 + 1 + -1.
0
Calculate 4 + -1 - (4 + -2).
1
-5 + 1 + 3 + (0 - -2)
1
(1 - 1) + 6 + -10
-4
2 + (-15 - (3 + -9)) - -2
-5
Evaluate 2 + -4 + (1 + -4 - -5).
0
Evaluate 0 - -2 - (1 - -2).
-1
Calculate 2 + 1 + -1 + -4.
-2
Evaluate -5 + (-3 - -7) - -2 - 0.
1
What is (-1 - 1) + 1 + -3 + -1?
-5
What is 2 + 0 + (23 - 24) + 5?
6
Calculate (16 - 14) + -2 + 1.
1
What is -5 + 13 - (4 - (-1 - -2))?
5
Evaluate (-10 - 4) + -7 + 14.
-7
Calculate 5 + (-3 - (5 - 6)).
3
What is the value of 4 + (7 + -4 + -10 - -11)?
8
4 - (7 + 0 + -5)
2
9 + (10 + 1 - 10)
10
What is 4 + -3 + -2 + 8 + -1?
6
Evaluate -4 - (-17 - -7 - -1).
5
0 - 4 - (-8 + 0)
4
12 + 5 + (7 - 19)
5
What is the value of (-1 - 8) + 9 - 1?
-1
Calculate -5 - 0 - (2 + (-8 - -4)).
-3
What is the value of -4 - (-13 + (-13 - -13))?
9
Evaluate (-3 - 1) + (-16 - -15) + -4.
-9
What is 0 + 3 + (-4 - 1) + 1?
-1
What is 2 - 1 - (-2 + -2 - -7)?
-2
Evaluate 0 - (5 + 1) - (-24 + 21).
-3
Calculate -6 + -5 + 13 + (-4 - -7).
5
What is -40 + 40 + -1 + 7?
6
-4 - (1 - 2 - 6)
3
What is the value of 2 - (4 + -1 + 2)?
-3
Calculate -6 + 3 - 0 - -2.
-1
Calculate -2 - (-5 - -4 - 4 - 0).
3
What is -3 + (-6 - -8) - -8 - 17?
-10
What is -4 - -3 - (0 + -4)?
3
What is the value of (-5 - -